{"id":14073,"date":"2025-01-24T15:18:24","date_gmt":"2025-01-24T14:18:24","guid":{"rendered":"https:\/\/juventudparacristo.net\/portal\/?page_id=14073"},"modified":"2025-02-14T20:19:04","modified_gmt":"2025-02-14T19:19:04","slug":"retiros-de-primavera-2025","status":"publish","type":"page","link":"https:\/\/juventudparacristo.net\/portal\/cat\/retiros-de-primavera-2025\/","title":{"rendered":"Retiros de primavera 2025"},"content":{"rendered":"<div data-elementor-type=\"wp-page\" data-elementor-id=\"14073\" class=\"elementor elementor-14073\">\n\t\t\t\t\t\t<section class=\"elementor-section elementor-top-section elementor-element elementor-element-542b15f elementor-section-full_width elementor-section-stretched elementor-section-height-default elementor-section-height-default\" data-id=\"542b15f\" data-element_type=\"section\" data-e-type=\"section\" data-settings=\"{&quot;stretch_section&quot;:&quot;section-stretched&quot;}\">\n\t\t\t\t\t\t<div class=\"elementor-container elementor-column-gap-default\">\n\t\t\t\t\t<div class=\"elementor-column elementor-col-50 elementor-top-column elementor-element elementor-element-1118358\" data-id=\"1118358\" data-element_type=\"column\" data-e-type=\"column\">\n\t\t\t<div class=\"elementor-widget-wrap elementor-element-populated\">\n\t\t\t\t\t\t<div class=\"elementor-element elementor-element-499adf8 elementor-widget elementor-widget-heading\" data-id=\"499adf8\" data-element_type=\"widget\" data-e-type=\"widget\" data-widget_type=\"heading.default\">\n\t\t\t\t<div class=\"elementor-widget-container\">\n\t\t\t\t\t<h2 class=\"elementor-heading-title elementor-size-default\">RETIRO<\/h2>\t\t\t\t<\/div>\n\t\t\t\t<\/div>\n\t\t\t\t<div class=\"elementor-element elementor-element-45ebbba elementor-widget elementor-widget-heading\" data-id=\"45ebbba\" data-element_type=\"widget\" data-e-type=\"widget\" data-widget_type=\"heading.default\">\n\t\t\t\t<div class=\"elementor-widget-container\">\n\t\t\t\t\t<h2 class=\"elementor-heading-title elementor-size-default\">J\u00d3VENES<\/h2>\t\t\t\t<\/div>\n\t\t\t\t<\/div>\n\t\t\t\t<div class=\"elementor-element elementor-element-a2b505d elementor-widget elementor-widget-image\" data-id=\"a2b505d\" data-element_type=\"widget\" data-e-type=\"widget\" data-widget_type=\"image.default\">\n\t\t\t\t<div class=\"elementor-widget-container\">\n\t\t\t\t\t\t\t\t\t\t\t\t\t\t\t\t<a href=\"https:\/\/juventudparacristo.net\/portal\/cat\/retiro-jovenes-unbrakeable\/\">\n\t\t\t\t\t\t\t<img fetchpriority=\"high\" decoding=\"async\" width=\"1024\" height=\"1024\" src=\"https:\/\/i0.wp.com\/juventudparacristo.net\/portal\/wp-content\/uploads\/2025\/02\/Retiro-FJOVE-Marzo-2025.jpg?fit=1024%2C1024&amp;ssl=1\" class=\"attachment-large size-large wp-image-14558\" alt=\"\" srcset=\"https:\/\/i0.wp.com\/juventudparacristo.net\/portal\/wp-content\/uploads\/2025\/02\/Retiro-FJOVE-Marzo-2025.jpg?w=1120&amp;ssl=1 1120w, https:\/\/i0.wp.com\/juventudparacristo.net\/portal\/wp-content\/uploads\/2025\/02\/Retiro-FJOVE-Marzo-2025.jpg?resize=300%2C300&amp;ssl=1 300w, https:\/\/i0.wp.com\/juventudparacristo.net\/portal\/wp-content\/uploads\/2025\/02\/Retiro-FJOVE-Marzo-2025.jpg?resize=1024%2C1024&amp;ssl=1 1024w, https:\/\/i0.wp.com\/juventudparacristo.net\/portal\/wp-content\/uploads\/2025\/02\/Retiro-FJOVE-Marzo-2025.jpg?resize=150%2C150&amp;ssl=1 150w, https:\/\/i0.wp.com\/juventudparacristo.net\/portal\/wp-content\/uploads\/2025\/02\/Retiro-FJOVE-Marzo-2025.jpg?resize=768%2C768&amp;ssl=1 768w, https:\/\/i0.wp.com\/juventudparacristo.net\/portal\/wp-content\/uploads\/2025\/02\/Retiro-FJOVE-Marzo-2025.jpg?resize=600%2C600&amp;ssl=1 600w, https:\/\/i0.wp.com\/juventudparacristo.net\/portal\/wp-content\/uploads\/2025\/02\/Retiro-FJOVE-Marzo-2025.jpg?resize=200%2C200&amp;ssl=1 200w, https:\/\/i0.wp.com\/juventudparacristo.net\/portal\/wp-content\/uploads\/2025\/02\/Retiro-FJOVE-Marzo-2025.jpg?resize=100%2C100&amp;ssl=1 100w\" sizes=\"(max-width: 1024px) 100vw, 1024px\" \/>\t\t\t\t\t\t\t\t<\/a>\n\t\t\t\t\t\t\t\t\t\t\t\t\t\t\t<\/div>\n\t\t\t\t<\/div>\n\t\t\t\t\t<\/div>\n\t\t<\/div>\n\t\t\t\t<div class=\"elementor-column elementor-col-50 elementor-top-column elementor-element elementor-element-3f3000c\" data-id=\"3f3000c\" data-element_type=\"column\" data-e-type=\"column\">\n\t\t\t<div class=\"elementor-widget-wrap elementor-element-populated\">\n\t\t\t\t\t\t<div class=\"elementor-element elementor-element-da7d068 elementor-widget elementor-widget-text-editor\" data-id=\"da7d068\" data-element_type=\"widget\" data-e-type=\"widget\" data-widget_type=\"text-editor.default\">\n\t\t\t\t<div class=\"elementor-widget-container\">\n\t\t\t\t\t\t\t\t\t<p>A lo largo de la vida enfrentaremos adversidades, tal como lo ense\u00f1\u00f3 Jes\u00fas. Sin embargo, es la fe genuina, de la que hablaron ap\u00f3stoles como Pablo y Pedro, la que nos ayuda a perseverar, a salir fortalecidos de cada prueba y a seguir alabando a Dios incluso en medio del dolor y el sufrimiento.\u00a0<\/p><p>Te invitamos a este retiro para reconocer y celebrar juntos a Jes\u00fas, el autor y consumador de una fe inquebrantable que nunca nos falla.<\/p>\t\t\t\t\t\t\t\t<\/div>\n\t\t\t\t<\/div>\n\t\t\t\t<div class=\"elementor-element elementor-element-14a5e5f elementor-widget elementor-widget-button\" data-id=\"14a5e5f\" data-element_type=\"widget\" data-e-type=\"widget\" data-widget_type=\"button.default\">\n\t\t\t\t<div class=\"elementor-widget-container\">\n\t\t\t\t\t\t\t\t\t<div class=\"elementor-button-wrapper\">\n\t\t\t\t\t<a class=\"elementor-button elementor-button-link elementor-size-sm\" href=\"https:\/\/juventudparacristo.net\/portal\/cat\/retiro-jovenes-unbrakeable\/\">\n\t\t\t\t\t\t<span class=\"elementor-button-content-wrapper\">\n\t\t\t\t\t\t\t\t\t<span class=\"elementor-button-text\">Leer m\u00e1s<\/span>\n\t\t\t\t\t<\/span>\n\t\t\t\t\t<\/a>\n\t\t\t\t<\/div>\n\t\t\t\t\t\t\t\t<\/div>\n\t\t\t\t<\/div>\n\t\t\t\t\t<\/div>\n\t\t<\/div>\n\t\t\t\t\t<\/div>\n\t\t<\/section>\n\t\t\t\t<section class=\"elementor-section elementor-top-section elementor-element elementor-element-4320ee5 elementor-section-full_width elementor-section-stretched elementor-section-height-default elementor-section-height-default\" data-id=\"4320ee5\" data-element_type=\"section\" data-e-type=\"section\" data-settings=\"{&quot;stretch_section&quot;:&quot;section-stretched&quot;}\">\n\t\t\t\t\t\t<div class=\"elementor-container elementor-column-gap-default\">\n\t\t\t\t\t<div class=\"elementor-column elementor-col-50 elementor-top-column elementor-element elementor-element-02fa8c0\" data-id=\"02fa8c0\" data-element_type=\"column\" data-e-type=\"column\">\n\t\t\t<div class=\"elementor-widget-wrap elementor-element-populated\">\n\t\t\t\t\t\t<div class=\"elementor-element elementor-element-8adf2b9 elementor-widget elementor-widget-heading\" data-id=\"8adf2b9\" data-element_type=\"widget\" data-e-type=\"widget\" data-widget_type=\"heading.default\">\n\t\t\t\t<div class=\"elementor-widget-container\">\n\t\t\t\t\t<h2 class=\"elementor-heading-title elementor-size-default\">RETIRO<\/h2>\t\t\t\t<\/div>\n\t\t\t\t<\/div>\n\t\t\t\t<div class=\"elementor-element elementor-element-39f44b6 elementor-widget elementor-widget-heading\" data-id=\"39f44b6\" data-element_type=\"widget\" data-e-type=\"widget\" data-widget_type=\"heading.default\">\n\t\t\t\t<div class=\"elementor-widget-container\">\n\t\t\t\t\t<h2 class=\"elementor-heading-title elementor-size-default\">ADOLESCENTES<\/h2>\t\t\t\t<\/div>\n\t\t\t\t<\/div>\n\t\t\t\t<div class=\"elementor-element elementor-element-b08058a elementor-widget elementor-widget-image\" data-id=\"b08058a\" data-element_type=\"widget\" data-e-type=\"widget\" data-widget_type=\"image.default\">\n\t\t\t\t<div class=\"elementor-widget-container\">\n\t\t\t\t\t\t\t\t\t\t\t\t\t\t\t\t<a href=\"https:\/\/juventudparacristo.net\/portal\/cat\/retiro-ados-intime\/\">\n\t\t\t\t\t\t\t<img decoding=\"async\" width=\"840\" height=\"840\" src=\"https:\/\/i0.wp.com\/juventudparacristo.net\/portal\/wp-content\/uploads\/2025\/01\/Retiro-FJOVE-Marzo-2025-3.png?fit=840%2C840&amp;ssl=1\" class=\"attachment-large size-large wp-image-14079\" alt=\"\" srcset=\"https:\/\/i0.wp.com\/juventudparacristo.net\/portal\/wp-content\/uploads\/2025\/01\/Retiro-FJOVE-Marzo-2025-3.png?w=840&amp;ssl=1 840w, https:\/\/i0.wp.com\/juventudparacristo.net\/portal\/wp-content\/uploads\/2025\/01\/Retiro-FJOVE-Marzo-2025-3.png?resize=300%2C300&amp;ssl=1 300w, https:\/\/i0.wp.com\/juventudparacristo.net\/portal\/wp-content\/uploads\/2025\/01\/Retiro-FJOVE-Marzo-2025-3.png?resize=150%2C150&amp;ssl=1 150w, https:\/\/i0.wp.com\/juventudparacristo.net\/portal\/wp-content\/uploads\/2025\/01\/Retiro-FJOVE-Marzo-2025-3.png?resize=768%2C768&amp;ssl=1 768w, https:\/\/i0.wp.com\/juventudparacristo.net\/portal\/wp-content\/uploads\/2025\/01\/Retiro-FJOVE-Marzo-2025-3.png?resize=600%2C600&amp;ssl=1 600w, https:\/\/i0.wp.com\/juventudparacristo.net\/portal\/wp-content\/uploads\/2025\/01\/Retiro-FJOVE-Marzo-2025-3.png?resize=200%2C200&amp;ssl=1 200w, https:\/\/i0.wp.com\/juventudparacristo.net\/portal\/wp-content\/uploads\/2025\/01\/Retiro-FJOVE-Marzo-2025-3.png?resize=100%2C100&amp;ssl=1 100w\" sizes=\"(max-width: 840px) 100vw, 840px\" \/>\t\t\t\t\t\t\t\t<\/a>\n\t\t\t\t\t\t\t\t\t\t\t\t\t\t\t<\/div>\n\t\t\t\t<\/div>\n\t\t\t\t\t<\/div>\n\t\t<\/div>\n\t\t\t\t<div class=\"elementor-column elementor-col-50 elementor-top-column elementor-element elementor-element-6587fed\" data-id=\"6587fed\" data-element_type=\"column\" data-e-type=\"column\">\n\t\t\t<div class=\"elementor-widget-wrap elementor-element-populated\">\n\t\t\t\t\t\t<div class=\"elementor-element elementor-element-8912ea7 elementor-widget elementor-widget-text-editor\" data-id=\"8912ea7\" data-element_type=\"widget\" data-e-type=\"widget\" data-widget_type=\"text-editor.default\">\n\t\t\t\t<div class=\"elementor-widget-container\">\n\t\t\t\t\t\t\t\t\t<p><span style=\"font-weight: 400;\">\u00bfEn qu\u00e9 se diferencia el cristianismo de otras religiones? \u00bfJes\u00fas realmente es el camino y la verdad? \u00bfPor qu\u00e9 hay dolor? Estas y otras cuestiones son parte de nuestro d\u00eda a d\u00eda y como adolescentes a veces no sabemos responder a estas preguntas tan importantes, por eso, el pr\u00f3ximo 14,15 y 16 de marzo tienes la oportunidad de no solo acercarte a estas preguntas sino de vivir una experiencia en \u00abIn Time\u00bb con otros adolescentes\u00a0 \u00bfte apuntas?<\/span><\/p>\t\t\t\t\t\t\t\t<\/div>\n\t\t\t\t<\/div>\n\t\t\t\t<div class=\"elementor-element elementor-element-86a60e6 elementor-widget elementor-widget-button\" data-id=\"86a60e6\" data-element_type=\"widget\" data-e-type=\"widget\" data-widget_type=\"button.default\">\n\t\t\t\t<div class=\"elementor-widget-container\">\n\t\t\t\t\t\t\t\t\t<div class=\"elementor-button-wrapper\">\n\t\t\t\t\t<a class=\"elementor-button elementor-button-link elementor-size-sm\" href=\"https:\/\/juventudparacristo.net\/portal\/cat\/retiro-ados-intime\/\">\n\t\t\t\t\t\t<span class=\"elementor-button-content-wrapper\">\n\t\t\t\t\t\t\t\t\t<span class=\"elementor-button-text\">Leer m\u00e1s<\/span>\n\t\t\t\t\t<\/span>\n\t\t\t\t\t<\/a>\n\t\t\t\t<\/div>\n\t\t\t\t\t\t\t\t<\/div>\n\t\t\t\t<\/div>\n\t\t\t\t\t<\/div>\n\t\t<\/div>\n\t\t\t\t\t<\/div>\n\t\t<\/section>\n\t\t\t\t<section class=\"elementor-section elementor-top-section elementor-element elementor-element-12d9a2a elementor-section-full_width elementor-section-stretched elementor-section-height-default elementor-section-height-default\" data-id=\"12d9a2a\" data-element_type=\"section\" data-e-type=\"section\" data-settings=\"{&quot;stretch_section&quot;:&quot;section-stretched&quot;}\">\n\t\t\t\t\t\t<div class=\"elementor-container elementor-column-gap-default\">\n\t\t\t\t\t<div class=\"elementor-column elementor-col-50 elementor-top-column elementor-element elementor-element-deb8d87\" data-id=\"deb8d87\" data-element_type=\"column\" data-e-type=\"column\">\n\t\t\t<div class=\"elementor-widget-wrap elementor-element-populated\">\n\t\t\t\t\t\t<div class=\"elementor-element elementor-element-fd28f26 elementor-widget elementor-widget-heading\" data-id=\"fd28f26\" data-element_type=\"widget\" data-e-type=\"widget\" data-widget_type=\"heading.default\">\n\t\t\t\t<div class=\"elementor-widget-container\">\n\t\t\t\t\t<h2 class=\"elementor-heading-title elementor-size-default\">RETIRO<\/h2>\t\t\t\t<\/div>\n\t\t\t\t<\/div>\n\t\t\t\t<div class=\"elementor-element elementor-element-1a12847 elementor-widget elementor-widget-heading\" data-id=\"1a12847\" data-element_type=\"widget\" data-e-type=\"widget\" data-widget_type=\"heading.default\">\n\t\t\t\t<div class=\"elementor-widget-container\">\n\t\t\t\t\t<h2 class=\"elementor-heading-title elementor-size-default\">PREADOLESCENTES <\/h2>\t\t\t\t<\/div>\n\t\t\t\t<\/div>\n\t\t\t\t<div class=\"elementor-element elementor-element-49f293c elementor-widget elementor-widget-image\" data-id=\"49f293c\" data-element_type=\"widget\" data-e-type=\"widget\" data-widget_type=\"image.default\">\n\t\t\t\t<div class=\"elementor-widget-container\">\n\t\t\t\t\t\t\t\t\t\t\t\t\t\t\t\t<a href=\"https:\/\/juventudparacristo.net\/portal\/cat\/retiro-pres-dudas\/\">\n\t\t\t\t\t\t\t<img decoding=\"async\" width=\"810\" height=\"810\" src=\"https:\/\/i0.wp.com\/juventudparacristo.net\/portal\/wp-content\/uploads\/2025\/01\/Retiro-dudas.png?fit=810%2C810&amp;ssl=1\" class=\"attachment-large size-large wp-image-14084\" alt=\"\" srcset=\"https:\/\/i0.wp.com\/juventudparacristo.net\/portal\/wp-content\/uploads\/2025\/01\/Retiro-dudas.png?w=810&amp;ssl=1 810w, https:\/\/i0.wp.com\/juventudparacristo.net\/portal\/wp-content\/uploads\/2025\/01\/Retiro-dudas.png?resize=300%2C300&amp;ssl=1 300w, https:\/\/i0.wp.com\/juventudparacristo.net\/portal\/wp-content\/uploads\/2025\/01\/Retiro-dudas.png?resize=150%2C150&amp;ssl=1 150w, https:\/\/i0.wp.com\/juventudparacristo.net\/portal\/wp-content\/uploads\/2025\/01\/Retiro-dudas.png?resize=768%2C768&amp;ssl=1 768w, https:\/\/i0.wp.com\/juventudparacristo.net\/portal\/wp-content\/uploads\/2025\/01\/Retiro-dudas.png?resize=600%2C600&amp;ssl=1 600w, https:\/\/i0.wp.com\/juventudparacristo.net\/portal\/wp-content\/uploads\/2025\/01\/Retiro-dudas.png?resize=200%2C200&amp;ssl=1 200w, https:\/\/i0.wp.com\/juventudparacristo.net\/portal\/wp-content\/uploads\/2025\/01\/Retiro-dudas.png?resize=100%2C100&amp;ssl=1 100w\" sizes=\"(max-width: 810px) 100vw, 810px\" \/>\t\t\t\t\t\t\t\t<\/a>\n\t\t\t\t\t\t\t\t\t\t\t\t\t\t\t<\/div>\n\t\t\t\t<\/div>\n\t\t\t\t\t<\/div>\n\t\t<\/div>\n\t\t\t\t<div class=\"elementor-column elementor-col-50 elementor-top-column elementor-element elementor-element-3300603\" data-id=\"3300603\" data-element_type=\"column\" data-e-type=\"column\">\n\t\t\t<div class=\"elementor-widget-wrap elementor-element-populated\">\n\t\t\t\t\t\t<div class=\"elementor-element elementor-element-b01fa6a elementor-widget elementor-widget-text-editor\" data-id=\"b01fa6a\" data-element_type=\"widget\" data-e-type=\"widget\" data-widget_type=\"text-editor.default\">\n\t\t\t\t<div class=\"elementor-widget-container\">\n\t\t\t\t\t\t\t\t\t<p>\u00ab\u00a1No preguntes eso, t\u00fa conf\u00eda en Dios y ya est\u00e1!\u00bb \u00ab\u00bfC\u00f3mo puedes decir que no crees en Dios? \u00a1Que no te escuche tu madre!<span style=\"font-family: 'DM Sans', sans-serif; font-size: 18px; font-style: normal; font-variant-ligatures: normal; font-variant-caps: normal; font-weight: 400;\">\u00ab<\/span><\/p>\n<p>\u00bfTe suena? Muchas veces parece que tener dudas sobre Dios est\u00e1 mal, pero aqu\u00ed queremos demostrarte que no es as\u00ed. Las dudas no son algo malo, \u00a1son una gran oportunidad para crecer y entender mejor tu fe!<\/p>\n<div>&nbsp;\u00a1Ven y descubre que preguntar es el primer paso para conocer m\u00e1s a Dios y crecer en tu relaci\u00f3n con \u00c9l!<\/div><div><br><\/div>\t\t\t\t\t\t\t\t<\/div>\n\t\t\t\t<\/div>\n\t\t\t\t<div class=\"elementor-element elementor-element-9ad7226 elementor-widget elementor-widget-button\" data-id=\"9ad7226\" data-element_type=\"widget\" data-e-type=\"widget\" data-widget_type=\"button.default\">\n\t\t\t\t<div class=\"elementor-widget-container\">\n\t\t\t\t\t\t\t\t\t<div class=\"elementor-button-wrapper\">\n\t\t\t\t\t<a class=\"elementor-button elementor-button-link elementor-size-sm\" href=\"https:\/\/juventudparacristo.net\/portal\/cat\/retiro-pres-dudas\/\">\n\t\t\t\t\t\t<span class=\"elementor-button-content-wrapper\">\n\t\t\t\t\t\t\t\t\t<span class=\"elementor-button-text\">Leer m\u00e1s<\/span>\n\t\t\t\t\t<\/span>\n\t\t\t\t\t<\/a>\n\t\t\t\t<\/div>\n\t\t\t\t\t\t\t\t<\/div>\n\t\t\t\t<\/div>\n\t\t\t\t\t<\/div>\n\t\t<\/div>\n\t\t\t\t\t<\/div>\n\t\t<\/section>\n\t\t\t\t<section class=\"elementor-section elementor-top-section elementor-element elementor-element-d4e3279 elementor-section-full_width elementor-section-stretched elementor-section-height-default elementor-section-height-default\" data-id=\"d4e3279\" data-element_type=\"section\" data-e-type=\"section\" data-settings=\"{&quot;stretch_section&quot;:&quot;section-stretched&quot;}\">\n\t\t\t\t\t\t<div class=\"elementor-container elementor-column-gap-default\">\n\t\t\t\t\t<div class=\"elementor-column elementor-col-100 elementor-top-column elementor-element elementor-element-bd7f347\" data-id=\"bd7f347\" data-element_type=\"column\" data-e-type=\"column\">\n\t\t\t<div class=\"elementor-widget-wrap elementor-element-populated\">\n\t\t\t\t\t\t<div class=\"elementor-element elementor-element-02b8956 elementor-position-top elementor-widget elementor-widget-image-box\" data-id=\"02b8956\" data-element_type=\"widget\" data-e-type=\"widget\" data-widget_type=\"image-box.default\">\n\t\t\t\t<div class=\"elementor-widget-container\">\n\t\t\t\t\t<div class=\"elementor-image-box-wrapper\"><figure class=\"elementor-image-box-img\"><a href=\"https:\/\/juventudparacristo.net\/portal\/cat\/quehayquellevar\/\" tabindex=\"-1\"><img loading=\"lazy\" decoding=\"async\" width=\"1080\" height=\"1080\" src=\"https:\/\/i0.wp.com\/juventudparacristo.net\/portal\/wp-content\/uploads\/2022\/01\/Que-llevo-al-retiro-2.png?fit=1080%2C1080&amp;ssl=1\" class=\"attachment-full size-full wp-image-7271\" alt=\"\" srcset=\"https:\/\/i0.wp.com\/juventudparacristo.net\/portal\/wp-content\/uploads\/2022\/01\/Que-llevo-al-retiro-2.png?w=1080&amp;ssl=1 1080w, https:\/\/i0.wp.com\/juventudparacristo.net\/portal\/wp-content\/uploads\/2022\/01\/Que-llevo-al-retiro-2.png?resize=300%2C300&amp;ssl=1 300w, https:\/\/i0.wp.com\/juventudparacristo.net\/portal\/wp-content\/uploads\/2022\/01\/Que-llevo-al-retiro-2.png?resize=1024%2C1024&amp;ssl=1 1024w, https:\/\/i0.wp.com\/juventudparacristo.net\/portal\/wp-content\/uploads\/2022\/01\/Que-llevo-al-retiro-2.png?resize=150%2C150&amp;ssl=1 150w, https:\/\/i0.wp.com\/juventudparacristo.net\/portal\/wp-content\/uploads\/2022\/01\/Que-llevo-al-retiro-2.png?resize=768%2C768&amp;ssl=1 768w, https:\/\/i0.wp.com\/juventudparacristo.net\/portal\/wp-content\/uploads\/2022\/01\/Que-llevo-al-retiro-2.png?resize=640%2C640&amp;ssl=1 640w, https:\/\/i0.wp.com\/juventudparacristo.net\/portal\/wp-content\/uploads\/2022\/01\/Que-llevo-al-retiro-2.png?resize=600%2C600&amp;ssl=1 600w, https:\/\/i0.wp.com\/juventudparacristo.net\/portal\/wp-content\/uploads\/2022\/01\/Que-llevo-al-retiro-2.png?resize=75%2C75&amp;ssl=1 75w, https:\/\/i0.wp.com\/juventudparacristo.net\/portal\/wp-content\/uploads\/2022\/01\/Que-llevo-al-retiro-2.png?resize=50%2C50&amp;ssl=1 50w\" sizes=\"(max-width: 1080px) 100vw, 1080px\" \/><\/a><\/figure><\/div>\t\t\t\t<\/div>\n\t\t\t\t<\/div>\n\t\t\t\t\t<\/div>\n\t\t<\/div>\n\t\t\t\t\t<\/div>\n\t\t<\/section>\n\t\t\t\t<\/div>","protected":false},"excerpt":{"rendered":"<p>RETIRO J\u00d3VENES A lo largo de la vida enfrentaremos adversidades, tal como lo ense\u00f1\u00f3 Jes\u00fas. Sin embargo, es la fe genuina, de la que hablaron ap\u00f3stoles como Pablo y Pedro, la que nos ayuda a perseverar, a salir fortalecidos de cada prueba y a seguir alabando a Dios incluso en medio del dolor y el [&hellip;]<\/p>\n","protected":false},"author":3,"featured_media":7795,"parent":0,"menu_order":0,"comment_status":"closed","ping_status":"closed","template":"","meta":{"ocean_post_layout":"","ocean_both_sidebars_style":"","ocean_both_sidebars_content_width":0,"ocean_both_sidebars_sidebars_width":0,"ocean_sidebar":"","ocean_second_sidebar":"","ocean_disable_margins":"enable","ocean_add_body_class":"","ocean_shortcode_before_top_bar":"","ocean_shortcode_after_top_bar":"","ocean_shortcode_before_header":"","ocean_shortcode_after_header":"","ocean_has_shortcode":"","ocean_shortcode_after_title":"","ocean_shortcode_before_footer_widgets":"","ocean_shortcode_after_footer_widgets":"","ocean_shortcode_before_footer_bottom":"","ocean_shortcode_after_footer_bottom":"","ocean_display_top_bar":"default","ocean_display_header":"default","ocean_header_style":"","ocean_center_header_left_menu":"","ocean_custom_header_template":"","ocean_custom_logo":0,"ocean_custom_retina_logo":0,"ocean_custom_logo_max_width":0,"ocean_custom_logo_tablet_max_width":0,"ocean_custom_logo_mobile_max_width":0,"ocean_custom_logo_max_height":0,"ocean_custom_logo_tablet_max_height":0,"ocean_custom_logo_mobile_max_height":0,"ocean_header_custom_menu":"","ocean_menu_typo_font_family":"","ocean_menu_typo_font_subset":"","ocean_menu_typo_font_size":0,"ocean_menu_typo_font_size_tablet":0,"ocean_menu_typo_font_size_mobile":0,"ocean_menu_typo_font_size_unit":"px","ocean_menu_typo_font_weight":"","ocean_menu_typo_font_weight_tablet":"","ocean_menu_typo_font_weight_mobile":"","ocean_menu_typo_transform":"","ocean_menu_typo_transform_tablet":"","ocean_menu_typo_transform_mobile":"","ocean_menu_typo_line_height":0,"ocean_menu_typo_line_height_tablet":0,"ocean_menu_typo_line_height_mobile":0,"ocean_menu_typo_line_height_unit":"","ocean_menu_typo_spacing":0,"ocean_menu_typo_spacing_tablet":0,"ocean_menu_typo_spacing_mobile":0,"ocean_menu_typo_spacing_unit":"","ocean_menu_link_color":"","ocean_menu_link_color_hover":"","ocean_menu_link_color_active":"","ocean_menu_link_background":"","ocean_menu_link_hover_background":"","ocean_menu_link_active_background":"","ocean_menu_social_links_bg":"","ocean_menu_social_hover_links_bg":"","ocean_menu_social_links_color":"","ocean_menu_social_hover_links_color":"","ocean_disable_title":"default","ocean_disable_heading":"default","ocean_post_title":"","ocean_post_subheading":"","ocean_post_title_style":"","ocean_post_title_background_color":"","ocean_post_title_background":0,"ocean_post_title_bg_image_position":"","ocean_post_title_bg_image_attachment":"","ocean_post_title_bg_image_repeat":"","ocean_post_title_bg_image_size":"","ocean_post_title_height":0,"ocean_post_title_bg_overlay":0.5,"ocean_post_title_bg_overlay_color":"","ocean_disable_breadcrumbs":"default","ocean_breadcrumbs_color":"","ocean_breadcrumbs_separator_color":"","ocean_breadcrumbs_links_color":"","ocean_breadcrumbs_links_hover_color":"","ocean_display_footer_widgets":"default","ocean_display_footer_bottom":"default","ocean_custom_footer_template":"","footnotes":""},"class_list":["post-14073","page","type-page","status-publish","has-post-thumbnail","hentry","entry","has-media","owp-thumbs-layout-horizontal","owp-btn-normal","owp-tabs-layout-horizontal","has-no-thumbnails","has-product-nav"],"jetpack_sharing_enabled":true,"_links":{"self":[{"href":"https:\/\/juventudparacristo.net\/portal\/cat\/wp-json\/wp\/v2\/pages\/14073","targetHints":{"allow":["GET"]}}],"collection":[{"href":"https:\/\/juventudparacristo.net\/portal\/cat\/wp-json\/wp\/v2\/pages"}],"about":[{"href":"https:\/\/juventudparacristo.net\/portal\/cat\/wp-json\/wp\/v2\/types\/page"}],"author":[{"embeddable":true,"href":"https:\/\/juventudparacristo.net\/portal\/cat\/wp-json\/wp\/v2\/users\/3"}],"replies":[{"embeddable":true,"href":"https:\/\/juventudparacristo.net\/portal\/cat\/wp-json\/wp\/v2\/comments?post=14073"}],"version-history":[{"count":52,"href":"https:\/\/juventudparacristo.net\/portal\/cat\/wp-json\/wp\/v2\/pages\/14073\/revisions"}],"predecessor-version":[{"id":14564,"href":"https:\/\/juventudparacristo.net\/portal\/cat\/wp-json\/wp\/v2\/pages\/14073\/revisions\/14564"}],"wp:featuredmedia":[{"embeddable":true,"href":"https:\/\/juventudparacristo.net\/portal\/cat\/wp-json\/wp\/v2\/media\/7795"}],"wp:attachment":[{"href":"https:\/\/juventudparacristo.net\/portal\/cat\/wp-json\/wp\/v2\/media?parent=14073"}],"curies":[{"name":"wp","href":"https:\/\/api.w.org\/{rel}","templated":true}]}}