{"id":3031,"date":"2013-11-03T10:42:59","date_gmt":"2013-11-03T09:42:59","guid":{"rendered":"http:\/\/www.juventudparacristo.net\/portal\/?page_id=3031"},"modified":"2025-10-09T19:04:10","modified_gmt":"2025-10-09T17:04:10","slug":"actividades-semanales","status":"publish","type":"page","link":"https:\/\/juventudparacristo.net\/portal\/cat\/actividades-semanales\/","title":{"rendered":"Activitats Semanals"},"content":{"rendered":"<div data-elementor-type=\"wp-page\" data-elementor-id=\"3031\" class=\"elementor elementor-3031\">\n\t\t\t\t\t\t<section class=\"elementor-section elementor-top-section elementor-element elementor-element-471d5340 elementor-section-full_width elementor-section-height-default elementor-section-height-default\" data-id=\"471d5340\" data-element_type=\"section\" data-e-type=\"section\">\n\t\t\t\t\t\t<div class=\"elementor-container elementor-column-gap-default\">\n\t\t\t\t\t<div class=\"elementor-column elementor-col-100 elementor-top-column elementor-element elementor-element-6d5c0c95\" data-id=\"6d5c0c95\" data-element_type=\"column\" data-e-type=\"column\">\n\t\t\t<div class=\"elementor-widget-wrap elementor-element-populated\">\n\t\t\t\t\t\t<div class=\"elementor-element elementor-element-ffb0adc elementor-widget elementor-widget-heading\" data-id=\"ffb0adc\" data-element_type=\"widget\" data-e-type=\"widget\" data-widget_type=\"heading.default\">\n\t\t\t\t<div class=\"elementor-widget-container\">\n\t\t\t\t\t<h2 class=\"elementor-heading-title elementor-size-default\">JPC FRIDAYS <\/h2>\t\t\t\t<\/div>\n\t\t\t\t<\/div>\n\t\t\t\t<div class=\"elementor-element elementor-element-483a4964 elementor-widget elementor-widget-text-editor\" data-id=\"483a4964\" data-element_type=\"widget\" data-e-type=\"widget\" data-widget_type=\"text-editor.default\">\n\t\t\t\t<div class=\"elementor-widget-container\">\n\t\t\t\t\t\t\t\t\t<p style=\"padding-left: 10px; padding-right: 10px;\"><a href=\"https:\/\/i0.wp.com\/juventudparacristo.net\/portal\/wp-content\/uploads\/2025\/10\/IMG-20250926-WA0039-e1760027930898.jpg?ssl=1\"><img fetchpriority=\"high\" decoding=\"async\" data-recalc-dims=\"1\" class=\"alignnone wp-image-16141 size-full\" src=\"https:\/\/i0.wp.com\/juventudparacristo.net\/portal\/wp-content\/uploads\/2025\/10\/IMG-20250926-WA0039-e1760027930898.jpg?resize=1000%2C630&#038;ssl=1\" alt=\"\" width=\"1000\" height=\"630\" srcset=\"https:\/\/i0.wp.com\/juventudparacristo.net\/portal\/wp-content\/uploads\/2025\/10\/IMG-20250926-WA0039-e1760027930898.jpg?w=1000&amp;ssl=1 1000w, https:\/\/i0.wp.com\/juventudparacristo.net\/portal\/wp-content\/uploads\/2025\/10\/IMG-20250926-WA0039-e1760027930898.jpg?resize=300%2C189&amp;ssl=1 300w, https:\/\/i0.wp.com\/juventudparacristo.net\/portal\/wp-content\/uploads\/2025\/10\/IMG-20250926-WA0039-e1760027930898.jpg?resize=768%2C484&amp;ssl=1 768w, https:\/\/i0.wp.com\/juventudparacristo.net\/portal\/wp-content\/uploads\/2025\/10\/IMG-20250926-WA0039-e1760027930898.jpg?resize=200%2C126&amp;ssl=1 200w, https:\/\/i0.wp.com\/juventudparacristo.net\/portal\/wp-content\/uploads\/2025\/10\/IMG-20250926-WA0039-e1760027930898.jpg?resize=600%2C378&amp;ssl=1 600w\" sizes=\"(max-width: 1000px) 100vw, 1000px\" \/><\/a><\/p><p style=\"padding-left: 10px; padding-right: 10px;\"><strong>Transmetent les veritats b\u00edbliques en un ambient l\u00fadic, fraternal i fresc.<\/strong><\/p><ul><li>Horari: Divendres de 19.00-21.00<\/li><li>Edat preadolescents: 8-13 anys<\/li><li>Edat adolescents: 14-18 anys<\/li><li>Lloc: Carrer 26 de gerner 1641, 3-5 08014 Barcelona<\/li><li>Entrada: Gratuita<\/li><\/ul><p style=\"padding-left: 10px; padding-right: 10px;\">Fridays \u00e9s l'activitat setmanal per a preadolescents i adolescents que t\u00e9 com a objectiu transmetre les veritats b\u00edbliques en un ambient l\u00fadic, fraternal i fresc. En una reuni\u00f3 habitual podem trobar els espais seg\u00fcents: Benvinguda, din\u00e0mica, xerrada, minigrups, lloan\u00e7a.<\/p><p style=\"padding-left: 10px; padding-right: 10px;\"><b>IMPORTANT:<\/b> Si \u00e9s la primera vegada que assistir\u00e0s a Fridays aquest curs o encara no t'has inscrit, has de fer-lo en el seg\u00fcent enlla\u00e7:\u00a0<span style=\"color: #0000ff;\"><a style=\"color: #0000ff;\" href=\"https:\/\/forms.gle\/NDvwrY4Xdj1jEM8q6\" target=\"_blank\" rel=\"noopener\">https:\/\/forms.gle\/bdVLffMUNBHdaxa46<\/a><\/span>\u00a0<b>(Requisit imprescindible per a assistir)<\/b><\/p><p style=\"padding-left: 10px; padding-right: 10px;\"><strong>PARA PARTICIPAR ES IMPORTANTE QUE TE INSCRIBAS<\/strong>\u00a0<span style=\"color: #3366ff;\"><a style=\"background-color: #ffffff; color: #3366ff;\" href=\"https:\/\/docs.google.com\/forms\/d\/e\/1FAIpQLSfm_gEG6R5ym-IhDSrZXwU6_nnJmgaXeJ1kR8Y6Gp6A6efJkA\/viewform?usp=header\" target=\"_blank\" rel=\"noopener\"><b>AQUI<\/b><\/a><\/span><\/p><p style=\"padding-left: 10px; padding-right: 10px;\">Per a m\u00e9s informaci\u00f3 escriu-nos a: <span style=\"color: #3366ff;\"><strong><a style=\"color: #3366ff;\" href=\"mailto:preadolescentes@juventudparacristo.net\">preadolescentes@juventudparacristo.net<\/a><\/strong><\/span> o <strong><span style=\"color: #3366ff;\"><a style=\"color: #3366ff;\" href=\"mailto:adolescentes@juventudparacristo.net\">adolescentes@juventudparacristo.net<\/a><\/span><\/strong><span style=\"color: #000000;\"> o siguenos por instagram <span style=\"color: #eb8d8d;\"><strong><a style=\"color: #eb8d8d;\" href=\"https:\/\/www.instagram.com\/fridayspres\/\">Pres<\/a><\/strong><\/span>\u00a0 \/\u00a0 <span style=\"color: #eb8d8d;\"><strong><a style=\"color: #eb8d8d;\" href=\"https:\/\/www.instagram.com\/fridaysjpc\/\">Ados<\/a><\/strong><\/span><\/span><\/p>\t\t\t\t\t\t\t\t<\/div>\n\t\t\t\t<\/div>\n\t\t\t\t\t<\/div>\n\t\t<\/div>\n\t\t\t\t\t<\/div>\n\t\t<\/section>\n\t\t\t\t<section class=\"elementor-section elementor-top-section elementor-element elementor-element-898031a elementor-section-full_width elementor-section-height-default elementor-section-height-default\" data-id=\"898031a\" data-element_type=\"section\" data-e-type=\"section\" data-settings=\"{&quot;background_background&quot;:&quot;classic&quot;}\">\n\t\t\t\t\t\t<div class=\"elementor-container elementor-column-gap-default\">\n\t\t\t\t\t<div class=\"elementor-column elementor-col-100 elementor-top-column elementor-element elementor-element-be08ac3\" data-id=\"be08ac3\" data-element_type=\"column\" data-e-type=\"column\">\n\t\t\t<div class=\"elementor-widget-wrap elementor-element-populated\">\n\t\t\t\t\t\t<div class=\"elementor-element elementor-element-805a4b8 elementor-widget elementor-widget-heading\" data-id=\"805a4b8\" data-element_type=\"widget\" data-e-type=\"widget\" data-widget_type=\"heading.default\">\n\t\t\t\t<div class=\"elementor-widget-container\">\n\t\t\t\t\t<h2 class=\"elementor-heading-title elementor-size-default\">Nueva serie \"JES\u00daS en HD\"<\/h2>\t\t\t\t<\/div>\n\t\t\t\t<\/div>\n\t\t\t\t<div class=\"elementor-element elementor-element-315e2c0 elementor-widget elementor-widget-text-editor\" data-id=\"315e2c0\" data-element_type=\"widget\" data-e-type=\"widget\" data-widget_type=\"text-editor.default\">\n\t\t\t\t<div class=\"elementor-widget-container\">\n\t\t\t\t\t\t\t\t\t<p style=\"padding-left: 10px; padding-right: 10px;\"><a href=\"https:\/\/i0.wp.com\/juventudparacristo.net\/portal\/wp-content\/uploads\/2025\/10\/Heading-JESUS-EN-HD.jpg?ssl=1\"><img decoding=\"async\" data-recalc-dims=\"1\" class=\"alignnone size-large wp-image-16142\" src=\"https:\/\/i0.wp.com\/juventudparacristo.net\/portal\/wp-content\/uploads\/2025\/10\/Heading-JESUS-EN-HD.jpg?resize=1024%2C576&#038;ssl=1\" alt=\"\" width=\"1024\" height=\"576\" srcset=\"https:\/\/i0.wp.com\/juventudparacristo.net\/portal\/wp-content\/uploads\/2025\/10\/Heading-JESUS-EN-HD.jpg?w=1920&amp;ssl=1 1920w, https:\/\/i0.wp.com\/juventudparacristo.net\/portal\/wp-content\/uploads\/2025\/10\/Heading-JESUS-EN-HD.jpg?resize=300%2C169&amp;ssl=1 300w, https:\/\/i0.wp.com\/juventudparacristo.net\/portal\/wp-content\/uploads\/2025\/10\/Heading-JESUS-EN-HD.jpg?resize=1024%2C576&amp;ssl=1 1024w, https:\/\/i0.wp.com\/juventudparacristo.net\/portal\/wp-content\/uploads\/2025\/10\/Heading-JESUS-EN-HD.jpg?resize=768%2C432&amp;ssl=1 768w, https:\/\/i0.wp.com\/juventudparacristo.net\/portal\/wp-content\/uploads\/2025\/10\/Heading-JESUS-EN-HD.jpg?resize=1536%2C864&amp;ssl=1 1536w, https:\/\/i0.wp.com\/juventudparacristo.net\/portal\/wp-content\/uploads\/2025\/10\/Heading-JESUS-EN-HD.jpg?resize=800%2C450&amp;ssl=1 800w, https:\/\/i0.wp.com\/juventudparacristo.net\/portal\/wp-content\/uploads\/2025\/10\/Heading-JESUS-EN-HD.jpg?resize=200%2C113&amp;ssl=1 200w, https:\/\/i0.wp.com\/juventudparacristo.net\/portal\/wp-content\/uploads\/2025\/10\/Heading-JESUS-EN-HD.jpg?resize=600%2C338&amp;ssl=1 600w\" sizes=\"(max-width: 1024px) 100vw, 1024px\" \/><\/a><\/p><p style=\"padding-left: 10px; padding-right: 10px;\">Como seguidores de Jes\u00fas, la importancia de saber qui\u00e9n es \u00c9l, es de vital valor para seguirle y poder conocer y entender lo que significa creer en \u00c9l, y quiz\u00e1s, la mejor manera para conocer qui\u00e9n es Jes\u00fas es directamente ir a \u00c9l. Pero, \u00bfC\u00f3mo?<\/p><p style=\"padding-left: 10px; padding-right: 10px;\">La Biblia marca desde el principio hasta el final qui\u00e9n es Jes\u00fas, y por qu\u00e9 es tan importante para la existencia de la humanidad. Pero quiz\u00e1s los textos m\u00e1s relevantes que aborda qui\u00e9n es \u00c9l son los cuatro Evangelios.<\/p><p style=\"padding-left: 10px; padding-right: 10px;\">Jes\u00fas apareci\u00f3 ante la sociedad de su tiempo como un hombre com\u00fan y corriente. En su tiempo fue calificado de maestro, profeta, Mes\u00edas, rey de Israel, Hijo de David, Rey de los jud\u00edos, Hijo de Dios, Santo de Dios, Verbo de Dios, Se\u00f1or y Cristo. No obstante, Jes\u00fas se defini\u00f3 a s\u00ed mismo como Hijo de hombre.<\/p><p style=\"padding-left: 10px; padding-right: 10px;\">Para cualquiera, esta expresi\u00f3n puede resultar una locura o incluso dif\u00edcil de entender, pero sin duda, es la base de todo lo que significa la persona de Jes\u00fas. A lo largo de esta serie, el monitor llevar\u00e1 a los adolescentes y pre adolescentes a la observaci\u00f3n de la persona de Jes\u00fas, no desde un paradigma teol\u00f3gico complicado, sino desde la fuente principal de la persona de Jes\u00fas: Las Escrituras.<\/p><p style=\"padding-left: 10px; padding-right: 10px;\">A menudo, la persona de Jes\u00fas parece difusa y se puede percibir como un hombre demasiado bueno que muri\u00f3 y sufri\u00f3 mucho, pero la realidad es que Jes\u00fas, la persona de Jes\u00fas en HD, es mucho m\u00e1s de lo que nuestros ojos, libros, c\u00e1maras o pinturas han sabido apreciarlo.<\/p><p style=\"padding-left: 10px; padding-right: 10px;\">Los encuentros de Jes\u00fas en los Evangelios con seres humanos como t\u00fa y como yo revelan qui\u00e9n es \u00c9l, y m\u00e1s importante a\u00fan, c\u00f3mo podemos nosotros creer en \u00c9l y confiar que podemos seguirle a \u00c9l.<\/p>\t\t\t\t\t\t\t\t<\/div>\n\t\t\t\t<\/div>\n\t\t\t\t<div class=\"elementor-element elementor-element-aae6a51 elementor-widget elementor-widget-spacer\" data-id=\"aae6a51\" data-element_type=\"widget\" data-e-type=\"widget\" data-widget_type=\"spacer.default\">\n\t\t\t\t<div class=\"elementor-widget-container\">\n\t\t\t\t\t\t\t<div class=\"elementor-spacer\">\n\t\t\t<div class=\"elementor-spacer-inner\"><\/div>\n\t\t<\/div>\n\t\t\t\t\t\t<\/div>\n\t\t\t\t<\/div>\n\t\t\t\t<div class=\"elementor-element elementor-element-5fbebb2 elementor-widget elementor-widget-image\" data-id=\"5fbebb2\" data-element_type=\"widget\" data-e-type=\"widget\" data-widget_type=\"image.default\">\n\t\t\t\t<div class=\"elementor-widget-container\">\n\t\t\t\t\t\t\t\t\t\t\t\t\t\t\t<img decoding=\"async\" width=\"920\" height=\"768\" src=\"https:\/\/i0.wp.com\/juventudparacristo.net\/portal\/wp-content\/uploads\/2024\/01\/Blue-Fun-Open-Donate-kindness-Day-Instagram-Story-Sitio-web-7.jpg?fit=920%2C768&amp;ssl=1\" class=\"attachment-full size-full wp-image-12445\" alt=\"\" srcset=\"https:\/\/i0.wp.com\/juventudparacristo.net\/portal\/wp-content\/uploads\/2024\/01\/Blue-Fun-Open-Donate-kindness-Day-Instagram-Story-Sitio-web-7.jpg?w=920&amp;ssl=1 920w, https:\/\/i0.wp.com\/juventudparacristo.net\/portal\/wp-content\/uploads\/2024\/01\/Blue-Fun-Open-Donate-kindness-Day-Instagram-Story-Sitio-web-7.jpg?resize=300%2C250&amp;ssl=1 300w, https:\/\/i0.wp.com\/juventudparacristo.net\/portal\/wp-content\/uploads\/2024\/01\/Blue-Fun-Open-Donate-kindness-Day-Instagram-Story-Sitio-web-7.jpg?resize=768%2C641&amp;ssl=1 768w, https:\/\/i0.wp.com\/juventudparacristo.net\/portal\/wp-content\/uploads\/2024\/01\/Blue-Fun-Open-Donate-kindness-Day-Instagram-Story-Sitio-web-7.jpg?resize=200%2C167&amp;ssl=1 200w, https:\/\/i0.wp.com\/juventudparacristo.net\/portal\/wp-content\/uploads\/2024\/01\/Blue-Fun-Open-Donate-kindness-Day-Instagram-Story-Sitio-web-7.jpg?resize=600%2C501&amp;ssl=1 600w\" sizes=\"(max-width: 920px) 100vw, 920px\" \/>\t\t\t\t\t\t\t\t\t\t\t\t\t\t\t<\/div>\n\t\t\t\t<\/div>\n\t\t\t\t<div class=\"elementor-element elementor-element-54dd50c elementor-widget elementor-widget-spacer\" data-id=\"54dd50c\" data-element_type=\"widget\" data-e-type=\"widget\" data-widget_type=\"spacer.default\">\n\t\t\t\t<div class=\"elementor-widget-container\">\n\t\t\t\t\t\t\t<div class=\"elementor-spacer\">\n\t\t\t<div class=\"elementor-spacer-inner\"><\/div>\n\t\t<\/div>\n\t\t\t\t\t\t<\/div>\n\t\t\t\t<\/div>\n\t\t\t\t\t<\/div>\n\t\t<\/div>\n\t\t\t\t\t<\/div>\n\t\t<\/section>\n\t\t\t\t<section class=\"elementor-section elementor-top-section elementor-element elementor-element-372dbbd elementor-section-boxed elementor-section-height-default elementor-section-height-default\" data-id=\"372dbbd\" data-element_type=\"section\" data-e-type=\"section\" data-settings=\"{&quot;background_background&quot;:&quot;classic&quot;}\">\n\t\t\t\t\t\t<div class=\"elementor-container elementor-column-gap-default\">\n\t\t\t\t\t<div class=\"elementor-column elementor-col-33 elementor-top-column elementor-element elementor-element-5cb92a7\" data-id=\"5cb92a7\" data-element_type=\"column\" data-e-type=\"column\">\n\t\t\t<div class=\"elementor-widget-wrap\">\n\t\t\t\t\t\t\t<\/div>\n\t\t<\/div>\n\t\t\t\t<div class=\"elementor-column elementor-col-33 elementor-top-column elementor-element elementor-element-8697107\" data-id=\"8697107\" data-element_type=\"column\" data-e-type=\"column\">\n\t\t\t<div class=\"elementor-widget-wrap elementor-element-populated\">\n\t\t\t\t\t\t<div class=\"elementor-element elementor-element-36d408b elementor-align-center elementor-widget elementor-widget-button\" data-id=\"36d408b\" data-element_type=\"widget\" data-e-type=\"widget\" data-widget_type=\"button.default\">\n\t\t\t\t<div class=\"elementor-widget-container\">\n\t\t\t\t\t\t\t\t\t<div class=\"elementor-button-wrapper\">\n\t\t\t\t\t<a class=\"elementor-button elementor-button-link elementor-size-sm\" href=\"https:\/\/juventudparacristo.net\/portal\/cat\/donativo-mensual-por-domiciliacion-bancaria\/\">\n\t\t\t\t\t\t<span class=\"elementor-button-content-wrapper\">\n\t\t\t\t\t\t\t\t\t<span class=\"elementor-button-text\">\u00a1Quiero unirme!<\/span>\n\t\t\t\t\t<\/span>\n\t\t\t\t\t<\/a>\n\t\t\t\t<\/div>\n\t\t\t\t\t\t\t\t<\/div>\n\t\t\t\t<\/div>\n\t\t\t\t\t<\/div>\n\t\t<\/div>\n\t\t\t\t<div class=\"elementor-column elementor-col-33 elementor-top-column elementor-element elementor-element-a1c1b29\" data-id=\"a1c1b29\" data-element_type=\"column\" data-e-type=\"column\">\n\t\t\t<div class=\"elementor-widget-wrap\">\n\t\t\t\t\t\t\t<\/div>\n\t\t<\/div>\n\t\t\t\t\t<\/div>\n\t\t<\/section>\n\t\t\t\t<section class=\"elementor-section elementor-top-section elementor-element elementor-element-80ec37d elementor-section-boxed elementor-section-height-default elementor-section-height-default\" data-id=\"80ec37d\" data-element_type=\"section\" data-e-type=\"section\" data-settings=\"{&quot;background_background&quot;:&quot;classic&quot;}\">\n\t\t\t\t\t\t<div class=\"elementor-container elementor-column-gap-default\">\n\t\t\t\t\t<div class=\"elementor-column elementor-col-100 elementor-top-column elementor-element elementor-element-5f4d54e\" data-id=\"5f4d54e\" data-element_type=\"column\" data-e-type=\"column\">\n\t\t\t<div class=\"elementor-widget-wrap elementor-element-populated\">\n\t\t\t\t\t\t<div class=\"elementor-element elementor-element-e02bc64 elementor-widget elementor-widget-spacer\" data-id=\"e02bc64\" data-element_type=\"widget\" data-e-type=\"widget\" data-widget_type=\"spacer.default\">\n\t\t\t\t<div class=\"elementor-widget-container\">\n\t\t\t\t\t\t\t<div class=\"elementor-spacer\">\n\t\t\t<div class=\"elementor-spacer-inner\"><\/div>\n\t\t<\/div>\n\t\t\t\t\t\t<\/div>\n\t\t\t\t<\/div>\n\t\t\t\t\t<\/div>\n\t\t<\/div>\n\t\t\t\t\t<\/div>\n\t\t<\/section>\n\t\t\t\t<section class=\"elementor-section elementor-top-section elementor-element elementor-element-cecc3f6 elementor-section-boxed elementor-section-height-default elementor-section-height-default\" data-id=\"cecc3f6\" data-element_type=\"section\" data-e-type=\"section\">\n\t\t\t\t\t\t<div class=\"elementor-container elementor-column-gap-default\">\n\t\t\t\t\t<div class=\"elementor-column elementor-col-100 elementor-top-column elementor-element elementor-element-43f7732\" data-id=\"43f7732\" data-element_type=\"column\" data-e-type=\"column\">\n\t\t\t<div class=\"elementor-widget-wrap elementor-element-populated\">\n\t\t\t\t\t\t<div class=\"elementor-element elementor-element-c397f5c elementor-widget elementor-widget-image\" data-id=\"c397f5c\" data-element_type=\"widget\" data-e-type=\"widget\" data-widget_type=\"image.default\">\n\t\t\t\t<div class=\"elementor-widget-container\">\n\t\t\t\t\t\t\t\t\t\t\t\t\t\t\t<img loading=\"lazy\" decoding=\"async\" width=\"1024\" height=\"398\" src=\"https:\/\/i0.wp.com\/juventudparacristo.net\/portal\/wp-content\/uploads\/2024\/12\/logo-jpc-horizontal-2.png?fit=1024%2C398&amp;ssl=1\" class=\"attachment-large size-large wp-image-13039\" alt=\"\" srcset=\"https:\/\/i0.wp.com\/juventudparacristo.net\/portal\/wp-content\/uploads\/2024\/12\/logo-jpc-horizontal-2.png?w=1080&amp;ssl=1 1080w, https:\/\/i0.wp.com\/juventudparacristo.net\/portal\/wp-content\/uploads\/2024\/12\/logo-jpc-horizontal-2.png?resize=300%2C117&amp;ssl=1 300w, https:\/\/i0.wp.com\/juventudparacristo.net\/portal\/wp-content\/uploads\/2024\/12\/logo-jpc-horizontal-2.png?resize=1024%2C398&amp;ssl=1 1024w, https:\/\/i0.wp.com\/juventudparacristo.net\/portal\/wp-content\/uploads\/2024\/12\/logo-jpc-horizontal-2.png?resize=768%2C299&amp;ssl=1 768w, https:\/\/i0.wp.com\/juventudparacristo.net\/portal\/wp-content\/uploads\/2024\/12\/logo-jpc-horizontal-2.png?resize=200%2C78&amp;ssl=1 200w, https:\/\/i0.wp.com\/juventudparacristo.net\/portal\/wp-content\/uploads\/2024\/12\/logo-jpc-horizontal-2.png?resize=600%2C233&amp;ssl=1 600w\" sizes=\"(max-width: 1024px) 100vw, 1024px\" \/>\t\t\t\t\t\t\t\t\t\t\t\t\t\t\t<\/div>\n\t\t\t\t<\/div>\n\t\t\t\t\t<\/div>\n\t\t<\/div>\n\t\t\t\t\t<\/div>\n\t\t<\/section>\n\t\t\t\t<\/div>","protected":false},"excerpt":{"rendered":"<p>JPC FRIDAYS Transmitiendo las verdades b\u00edblicas en un ambiente l\u00fadico, fraternal y fresco. Horario: Viernes de 19:00-21:00 Edad preadolescentes: 8-13 a\u00f1os Edad adolescentes: 14-18 a\u00f1os Lugar: Carrer 26 de gerner 1641, 3-5 08014 Barcelona Entrada: Gratuita Fridays es la actividad semanal para preadolescentes y adolescentes que tiene como objetivo transmitir las verdades b\u00edblicas en un [&hellip;]<\/p>\n","protected":false},"author":1,"featured_media":0,"parent":0,"menu_order":0,"comment_status":"closed","ping_status":"closed","template":"","meta":{"ocean_post_layout":"","ocean_both_sidebars_style":"","ocean_both_sidebars_content_width":0,"ocean_both_sidebars_sidebars_width":0,"ocean_sidebar":"","ocean_second_sidebar":"","ocean_disable_margins":"enable","ocean_add_body_class":"","ocean_shortcode_before_top_bar":"","ocean_shortcode_after_top_bar":"","ocean_shortcode_before_header":"","ocean_shortcode_after_header":"","ocean_has_shortcode":"","ocean_shortcode_after_title":"","ocean_shortcode_before_footer_widgets":"","ocean_shortcode_after_footer_widgets":"","ocean_shortcode_before_footer_bottom":"","ocean_shortcode_after_footer_bottom":"","ocean_display_top_bar":"default","ocean_display_header":"default","ocean_header_style":"","ocean_center_header_left_menu":"","ocean_custom_header_template":"","ocean_custom_logo":0,"ocean_custom_retina_logo":0,"ocean_custom_logo_max_width":0,"ocean_custom_logo_tablet_max_width":0,"ocean_custom_logo_mobile_max_width":0,"ocean_custom_logo_max_height":0,"ocean_custom_logo_tablet_max_height":0,"ocean_custom_logo_mobile_max_height":0,"ocean_header_custom_menu":"","ocean_menu_typo_font_family":"","ocean_menu_typo_font_subset":"","ocean_menu_typo_font_size":0,"ocean_menu_typo_font_size_tablet":0,"ocean_menu_typo_font_size_mobile":0,"ocean_menu_typo_font_size_unit":"px","ocean_menu_typo_font_weight":"","ocean_menu_typo_font_weight_tablet":"","ocean_menu_typo_font_weight_mobile":"","ocean_menu_typo_transform":"","ocean_menu_typo_transform_tablet":"","ocean_menu_typo_transform_mobile":"","ocean_menu_typo_line_height":0,"ocean_menu_typo_line_height_tablet":0,"ocean_menu_typo_line_height_mobile":0,"ocean_menu_typo_line_height_unit":"","ocean_menu_typo_spacing":0,"ocean_menu_typo_spacing_tablet":0,"ocean_menu_typo_spacing_mobile":0,"ocean_menu_typo_spacing_unit":"","ocean_menu_link_color":"","ocean_menu_link_color_hover":"","ocean_menu_link_color_active":"","ocean_menu_link_background":"","ocean_menu_link_hover_background":"","ocean_menu_link_active_background":"","ocean_menu_social_links_bg":"","ocean_menu_social_hover_links_bg":"","ocean_menu_social_links_color":"","ocean_menu_social_hover_links_color":"","ocean_disable_title":"default","ocean_disable_heading":"default","ocean_post_title":"","ocean_post_subheading":"","ocean_post_title_style":"","ocean_post_title_background_color":"","ocean_post_title_background":0,"ocean_post_title_bg_image_position":"","ocean_post_title_bg_image_attachment":"","ocean_post_title_bg_image_repeat":"","ocean_post_title_bg_image_size":"","ocean_post_title_height":0,"ocean_post_title_bg_overlay":0.5,"ocean_post_title_bg_overlay_color":"","ocean_disable_breadcrumbs":"default","ocean_breadcrumbs_color":"","ocean_breadcrumbs_separator_color":"","ocean_breadcrumbs_links_color":"","ocean_breadcrumbs_links_hover_color":"","ocean_display_footer_widgets":"default","ocean_display_footer_bottom":"default","ocean_custom_footer_template":"","footnotes":""},"class_list":["post-3031","page","type-page","status-publish","hentry","entry","owp-thumbs-layout-horizontal","owp-btn-normal","owp-tabs-layout-horizontal","has-no-thumbnails","has-product-nav"],"jetpack_sharing_enabled":true,"_links":{"self":[{"href":"https:\/\/juventudparacristo.net\/portal\/cat\/wp-json\/wp\/v2\/pages\/3031","targetHints":{"allow":["GET"]}}],"collection":[{"href":"https:\/\/juventudparacristo.net\/portal\/cat\/wp-json\/wp\/v2\/pages"}],"about":[{"href":"https:\/\/juventudparacristo.net\/portal\/cat\/wp-json\/wp\/v2\/types\/page"}],"author":[{"embeddable":true,"href":"https:\/\/juventudparacristo.net\/portal\/cat\/wp-json\/wp\/v2\/users\/1"}],"replies":[{"embeddable":true,"href":"https:\/\/juventudparacristo.net\/portal\/cat\/wp-json\/wp\/v2\/comments?post=3031"}],"version-history":[{"count":231,"href":"https:\/\/juventudparacristo.net\/portal\/cat\/wp-json\/wp\/v2\/pages\/3031\/revisions"}],"predecessor-version":[{"id":16154,"href":"https:\/\/juventudparacristo.net\/portal\/cat\/wp-json\/wp\/v2\/pages\/3031\/revisions\/16154"}],"wp:attachment":[{"href":"https:\/\/juventudparacristo.net\/portal\/cat\/wp-json\/wp\/v2\/media?parent=3031"}],"curies":[{"name":"wp","href":"https:\/\/api.w.org\/{rel}","templated":true}]}}