{"id":7496,"date":"2022-03-23T17:41:10","date_gmt":"2022-03-23T16:41:10","guid":{"rendered":"https:\/\/juventudparacristo.net\/portal\/?page_id=7496"},"modified":"2026-03-11T10:57:39","modified_gmt":"2026-03-11T09:57:39","slug":"retiros-primavera-205","status":"publish","type":"page","link":"https:\/\/juventudparacristo.net\/portal\/cat\/retiros-primavera-205\/","title":{"rendered":"Retiros de primavera 2026"},"content":{"rendered":"<div data-elementor-type=\"wp-page\" data-elementor-id=\"7496\" class=\"elementor elementor-7496\">\n\t\t\t\t\t\t<section class=\"elementor-section elementor-top-section elementor-element elementor-element-efeee33 elementor-section-full_width elementor-section-stretched elementor-section-height-default elementor-section-height-default\" data-id=\"efeee33\" data-element_type=\"section\" data-e-type=\"section\" data-settings=\"{&quot;stretch_section&quot;:&quot;section-stretched&quot;}\">\n\t\t\t\t\t\t<div class=\"elementor-container elementor-column-gap-default\">\n\t\t\t\t\t<div class=\"elementor-column elementor-col-100 elementor-top-column elementor-element elementor-element-84e5ff4\" data-id=\"84e5ff4\" data-element_type=\"column\" data-e-type=\"column\">\n\t\t\t<div class=\"elementor-widget-wrap elementor-element-populated\">\n\t\t\t\t\t\t<div class=\"elementor-element elementor-element-0502c99 elementor-widget__width-initial elementor-widget-tablet__width-initial elementor-widget-mobile__width-initial elementor-widget elementor-widget-heading\" data-id=\"0502c99\" data-element_type=\"widget\" data-e-type=\"widget\" data-widget_type=\"heading.default\">\n\t\t\t\t<div class=\"elementor-widget-container\">\n\t\t\t\t\t<h2 class=\"elementor-heading-title elementor-size-default\">RETIRS DE PRIMAVERA<\/h2>\t\t\t\t<\/div>\n\t\t\t\t<\/div>\n\t\t\t\t<div class=\"elementor-element elementor-element-229fc48 elementor-widget__width-initial elementor-widget-tablet__width-initial elementor-widget-mobile__width-initial elementor-widget elementor-widget-text-editor\" data-id=\"229fc48\" data-element_type=\"widget\" data-e-type=\"widget\" data-widget_type=\"text-editor.default\">\n\t\t\t\t<div class=\"elementor-widget-container\">\n\t\t\t\t\t\t\t\t\t<h1>\ud83c\udf31<\/h1>\t\t\t\t\t\t\t\t<\/div>\n\t\t\t\t<\/div>\n\t\t\t\t\t<\/div>\n\t\t<\/div>\n\t\t\t\t\t<\/div>\n\t\t<\/section>\n\t\t\t\t<section class=\"elementor-section elementor-top-section elementor-element elementor-element-542b15f elementor-section-full_width elementor-section-stretched elementor-section-height-default elementor-section-height-default\" data-id=\"542b15f\" data-element_type=\"section\" data-e-type=\"section\" data-settings=\"{&quot;stretch_section&quot;:&quot;section-stretched&quot;}\">\n\t\t\t\t\t\t<div class=\"elementor-container elementor-column-gap-default\">\n\t\t\t\t\t<div class=\"elementor-column elementor-col-50 elementor-top-column elementor-element elementor-element-1118358\" data-id=\"1118358\" data-element_type=\"column\" data-e-type=\"column\">\n\t\t\t<div class=\"elementor-widget-wrap elementor-element-populated\">\n\t\t\t\t\t\t<div class=\"elementor-element elementor-element-499adf8 elementor-widget-tablet__width-initial elementor-widget elementor-widget-heading\" data-id=\"499adf8\" data-element_type=\"widget\" data-e-type=\"widget\" data-widget_type=\"heading.default\">\n\t\t\t\t<div class=\"elementor-widget-container\">\n\t\t\t\t\t<h2 class=\"elementor-heading-title elementor-size-default\">RETIRO<\/h2>\t\t\t\t<\/div>\n\t\t\t\t<\/div>\n\t\t\t\t<div class=\"elementor-element elementor-element-45ebbba elementor-widget elementor-widget-heading\" data-id=\"45ebbba\" data-element_type=\"widget\" data-e-type=\"widget\" data-widget_type=\"heading.default\">\n\t\t\t\t<div class=\"elementor-widget-container\">\n\t\t\t\t\t<h2 class=\"elementor-heading-title elementor-size-default\">Adolescentes 14 a 18 a\u00f1os<\/h2>\t\t\t\t<\/div>\n\t\t\t\t<\/div>\n\t\t\t\t<div class=\"elementor-element elementor-element-a2b505d elementor-widget elementor-widget-image\" data-id=\"a2b505d\" data-element_type=\"widget\" data-e-type=\"widget\" data-widget_type=\"image.default\">\n\t\t\t\t<div class=\"elementor-widget-container\">\n\t\t\t\t\t\t\t\t\t\t\t\t\t\t\t\t<a href=\"https:\/\/juventudparacristo.net\/portal\/cat\/retiro-aestetic\/\">\n\t\t\t\t\t\t\t<img fetchpriority=\"high\" decoding=\"async\" width=\"724\" height=\"1024\" src=\"https:\/\/i0.wp.com\/juventudparacristo.net\/portal\/wp-content\/uploads\/2026\/01\/WhatsApp-Image-2026-01-02-at-12.18.42.jpeg?fit=724%2C1024&amp;ssl=1\" class=\"attachment-large size-large wp-image-16279\" alt=\"\" srcset=\"https:\/\/i0.wp.com\/juventudparacristo.net\/portal\/wp-content\/uploads\/2026\/01\/WhatsApp-Image-2026-01-02-at-12.18.42.jpeg?w=905&amp;ssl=1 905w, https:\/\/i0.wp.com\/juventudparacristo.net\/portal\/wp-content\/uploads\/2026\/01\/WhatsApp-Image-2026-01-02-at-12.18.42.jpeg?resize=212%2C300&amp;ssl=1 212w, https:\/\/i0.wp.com\/juventudparacristo.net\/portal\/wp-content\/uploads\/2026\/01\/WhatsApp-Image-2026-01-02-at-12.18.42.jpeg?resize=724%2C1024&amp;ssl=1 724w, https:\/\/i0.wp.com\/juventudparacristo.net\/portal\/wp-content\/uploads\/2026\/01\/WhatsApp-Image-2026-01-02-at-12.18.42.jpeg?resize=768%2C1086&amp;ssl=1 768w, https:\/\/i0.wp.com\/juventudparacristo.net\/portal\/wp-content\/uploads\/2026\/01\/WhatsApp-Image-2026-01-02-at-12.18.42.jpeg?resize=8%2C12&amp;ssl=1 8w, https:\/\/i0.wp.com\/juventudparacristo.net\/portal\/wp-content\/uploads\/2026\/01\/WhatsApp-Image-2026-01-02-at-12.18.42.jpeg?resize=200%2C283&amp;ssl=1 200w, https:\/\/i0.wp.com\/juventudparacristo.net\/portal\/wp-content\/uploads\/2026\/01\/WhatsApp-Image-2026-01-02-at-12.18.42.jpeg?resize=600%2C849&amp;ssl=1 600w\" sizes=\"(max-width: 724px) 100vw, 724px\" \/>\t\t\t\t\t\t\t\t<\/a>\n\t\t\t\t\t\t\t\t\t\t\t\t\t\t\t<\/div>\n\t\t\t\t<\/div>\n\t\t\t\t\t<\/div>\n\t\t<\/div>\n\t\t\t\t<div class=\"elementor-column elementor-col-50 elementor-top-column elementor-element elementor-element-3f3000c\" data-id=\"3f3000c\" data-element_type=\"column\" data-e-type=\"column\">\n\t\t\t<div class=\"elementor-widget-wrap elementor-element-populated\">\n\t\t\t\t\t\t<div class=\"elementor-element elementor-element-da7d068 elementor-widget elementor-widget-text-editor\" data-id=\"da7d068\" data-element_type=\"widget\" data-e-type=\"widget\" data-widget_type=\"text-editor.default\">\n\t\t\t\t<div class=\"elementor-widget-container\">\n\t\t\t\t\t\t\t\t\t<p><strong>\u00bfEs la vida cristiana una prisi\u00f3n de reglas o el desaf\u00edo m\u00e1s extremo de tu existencia? <\/strong><\/p><p><span style=\"font-weight: 400;\">Muchos ven una carrera agotadora llena de prohibiciones, pero este fin de semana venimos a hackear ese sistema: \u00bfy si la verdadera libertad empieza al fijar la mirada en Jes\u00fas? Te desafiamos a descubrir si seguir sus pasos es una carga o el motor que da sentido a cada kil\u00f3metro de tu historia. No busques una salida f\u00e1cil, busca el prop\u00f3sito que lo cambia todo. \u00bfTe apuntas?<\/span><\/p><p><br style=\"font-weight: 400;\" \/><br style=\"font-weight: 400;\" \/><\/p>\t\t\t\t\t\t\t\t<\/div>\n\t\t\t\t<\/div>\n\t\t\t\t<div class=\"elementor-element elementor-element-14a5e5f elementor-widget elementor-widget-button\" data-id=\"14a5e5f\" data-element_type=\"widget\" data-e-type=\"widget\" data-widget_type=\"button.default\">\n\t\t\t\t<div class=\"elementor-widget-container\">\n\t\t\t\t\t\t\t\t\t<div class=\"elementor-button-wrapper\">\n\t\t\t\t\t<a class=\"elementor-button elementor-button-link elementor-size-sm\" href=\"https:\/\/juventudparacristo.net\/portal\/cat\/retiro-aestetic\/\">\n\t\t\t\t\t\t<span class=\"elementor-button-content-wrapper\">\n\t\t\t\t\t\t\t\t\t<span class=\"elementor-button-text\">Leer m\u00e1s<\/span>\n\t\t\t\t\t<\/span>\n\t\t\t\t\t<\/a>\n\t\t\t\t<\/div>\n\t\t\t\t\t\t\t\t<\/div>\n\t\t\t\t<\/div>\n\t\t\t\t\t<\/div>\n\t\t<\/div>\n\t\t\t\t\t<\/div>\n\t\t<\/section>\n\t\t\t\t<section class=\"elementor-section elementor-top-section elementor-element elementor-element-de604a8 elementor-section-full_width elementor-section-stretched elementor-section-height-default elementor-section-height-default\" data-id=\"de604a8\" data-element_type=\"section\" data-e-type=\"section\" data-settings=\"{&quot;stretch_section&quot;:&quot;section-stretched&quot;}\">\n\t\t\t\t\t\t<div class=\"elementor-container elementor-column-gap-default\">\n\t\t\t\t\t<div class=\"elementor-column elementor-col-50 elementor-top-column elementor-element elementor-element-a993790\" data-id=\"a993790\" data-element_type=\"column\" data-e-type=\"column\">\n\t\t\t<div class=\"elementor-widget-wrap elementor-element-populated\">\n\t\t\t\t\t\t<div class=\"elementor-element elementor-element-947c05c elementor-widget-tablet__width-initial elementor-widget elementor-widget-heading\" data-id=\"947c05c\" data-element_type=\"widget\" data-e-type=\"widget\" data-widget_type=\"heading.default\">\n\t\t\t\t<div class=\"elementor-widget-container\">\n\t\t\t\t\t<h2 class=\"elementor-heading-title elementor-size-default\">RETIRO<\/h2>\t\t\t\t<\/div>\n\t\t\t\t<\/div>\n\t\t\t\t<div class=\"elementor-element elementor-element-a826252 elementor-widget elementor-widget-heading\" data-id=\"a826252\" data-element_type=\"widget\" data-e-type=\"widget\" data-widget_type=\"heading.default\">\n\t\t\t\t<div class=\"elementor-widget-container\">\n\t\t\t\t\t<h2 class=\"elementor-heading-title elementor-size-default\">Preadolescentes 8 a 13 a\u00f1os<\/h2>\t\t\t\t<\/div>\n\t\t\t\t<\/div>\n\t\t\t\t<div class=\"elementor-element elementor-element-3bf58a0 elementor-widget elementor-widget-image\" data-id=\"3bf58a0\" data-element_type=\"widget\" data-e-type=\"widget\" data-widget_type=\"image.default\">\n\t\t\t\t<div class=\"elementor-widget-container\">\n\t\t\t\t\t\t\t\t\t\t\t\t\t\t\t\t<a href=\"https:\/\/juventudparacristo.net\/portal\/cat\/retiro-graciasx1000\/\">\n\t\t\t\t\t\t\t<img decoding=\"async\" width=\"768\" height=\"960\" src=\"https:\/\/i0.wp.com\/juventudparacristo.net\/portal\/wp-content\/uploads\/2026\/01\/Te-toca-1.jpg?fit=768%2C960&amp;ssl=1\" class=\"attachment-medium_large size-medium_large wp-image-16280\" alt=\"\" srcset=\"https:\/\/i0.wp.com\/juventudparacristo.net\/portal\/wp-content\/uploads\/2026\/01\/Te-toca-1.jpg?w=1080&amp;ssl=1 1080w, https:\/\/i0.wp.com\/juventudparacristo.net\/portal\/wp-content\/uploads\/2026\/01\/Te-toca-1.jpg?resize=240%2C300&amp;ssl=1 240w, https:\/\/i0.wp.com\/juventudparacristo.net\/portal\/wp-content\/uploads\/2026\/01\/Te-toca-1.jpg?resize=819%2C1024&amp;ssl=1 819w, https:\/\/i0.wp.com\/juventudparacristo.net\/portal\/wp-content\/uploads\/2026\/01\/Te-toca-1.jpg?resize=768%2C960&amp;ssl=1 768w, https:\/\/i0.wp.com\/juventudparacristo.net\/portal\/wp-content\/uploads\/2026\/01\/Te-toca-1.jpg?resize=10%2C12&amp;ssl=1 10w, https:\/\/i0.wp.com\/juventudparacristo.net\/portal\/wp-content\/uploads\/2026\/01\/Te-toca-1.jpg?resize=200%2C250&amp;ssl=1 200w, https:\/\/i0.wp.com\/juventudparacristo.net\/portal\/wp-content\/uploads\/2026\/01\/Te-toca-1.jpg?resize=600%2C750&amp;ssl=1 600w\" sizes=\"(max-width: 768px) 100vw, 768px\" \/>\t\t\t\t\t\t\t\t<\/a>\n\t\t\t\t\t\t\t\t\t\t\t\t\t\t\t<\/div>\n\t\t\t\t<\/div>\n\t\t\t\t\t<\/div>\n\t\t<\/div>\n\t\t\t\t<div class=\"elementor-column elementor-col-50 elementor-top-column elementor-element elementor-element-c27c54a\" data-id=\"c27c54a\" data-element_type=\"column\" data-e-type=\"column\">\n\t\t\t<div class=\"elementor-widget-wrap elementor-element-populated\">\n\t\t\t\t\t\t<div class=\"elementor-element elementor-element-d471385 elementor-widget elementor-widget-text-editor\" data-id=\"d471385\" data-element_type=\"widget\" data-e-type=\"widget\" data-widget_type=\"text-editor.default\">\n\t\t\t\t<div class=\"elementor-widget-container\">\n\t\t\t\t\t\t\t\t\t<p><span style=\"font-weight: 400;\">\ud83c\udfae<\/span><b> \u00bfEst\u00e1s listo para tu misi\u00f3n?<\/b><\/p><p><span style=\"font-weight: 400;\">\u00bfNo sabes si elegir \u201cesto o aquello\u201d? \u00a1Ahora es tu turno de tomar decisiones y ver qu\u00e9 pasa!<\/span><\/p><p><span style=\"font-weight: 400;\">En el retiro \u201cTe toca a ti\u201d<\/span><span style=\"font-weight: 400;\">, cada juego es un reto y cada reto es una elecci\u00f3n.<\/span><\/p><p><span style=\"font-weight: 400;\">Tendremos aventuras, misiones, desaf\u00edos y competencias donde <\/span><b>tus decisiones har\u00e1n la <\/b><b>diferencia<\/b><span style=\"font-weight: 400;\">. <\/span><\/p><p><span style=\"font-weight: 400;\">Resuelve acertijos, supera desaf\u00edos, gana recompensas y aprende a elegir \ud83c\udfc6<\/span><\/p><p><span style=\"font-weight: 400;\">\ud83c\udfd5 Habr\u00e1 aventuras, amigos, risas, sorpresas y momentos incre\u00edbles en Berea.<\/span><\/p><p><span style=\"font-weight: 400;\">Cada elecci\u00f3n te ense\u00f1ar\u00e1 algo nuevo sobre ti mismo y sobre c\u00f3mo Dios te gu\u00eda en la vida.<\/span><\/p><p><span style=\"font-weight: 400;\">\ud83d\udc49 Vente al retiro de preadolescentes de JPC \u2013<\/span><span style=\"font-weight: 400;\">\u201cTe toca a ti\u201d<\/span><\/p><p><span style=\"font-weight: 400;\">\ud83c\udfaf \u00a1Es tu turno de jugar, decidir y conquistar tu misi\u00f3n!<\/span><\/p>\t\t\t\t\t\t\t\t<\/div>\n\t\t\t\t<\/div>\n\t\t\t\t<div class=\"elementor-element elementor-element-279c1a6 elementor-widget elementor-widget-button\" data-id=\"279c1a6\" data-element_type=\"widget\" data-e-type=\"widget\" data-widget_type=\"button.default\">\n\t\t\t\t<div class=\"elementor-widget-container\">\n\t\t\t\t\t\t\t\t\t<div class=\"elementor-button-wrapper\">\n\t\t\t\t\t<a class=\"elementor-button elementor-button-link elementor-size-sm\" href=\"https:\/\/juventudparacristo.net\/portal\/cat\/retiro-graciasx1000\/\">\n\t\t\t\t\t\t<span class=\"elementor-button-content-wrapper\">\n\t\t\t\t\t\t\t\t\t<span class=\"elementor-button-text\">Leer m\u00e1s<\/span>\n\t\t\t\t\t<\/span>\n\t\t\t\t\t<\/a>\n\t\t\t\t<\/div>\n\t\t\t\t\t\t\t\t<\/div>\n\t\t\t\t<\/div>\n\t\t\t\t\t<\/div>\n\t\t<\/div>\n\t\t\t\t\t<\/div>\n\t\t<\/section>\n\t\t\t\t<section class=\"elementor-section elementor-top-section elementor-element elementor-element-d4e3279 elementor-section-full_width elementor-section-stretched elementor-section-height-default elementor-section-height-default\" data-id=\"d4e3279\" data-element_type=\"section\" data-e-type=\"section\" data-settings=\"{&quot;stretch_section&quot;:&quot;section-stretched&quot;}\">\n\t\t\t\t\t\t<div class=\"elementor-container elementor-column-gap-default\">\n\t\t\t\t\t<div class=\"elementor-column elementor-col-100 elementor-top-column elementor-element elementor-element-bd7f347\" data-id=\"bd7f347\" data-element_type=\"column\" data-e-type=\"column\">\n\t\t\t<div class=\"elementor-widget-wrap elementor-element-populated\">\n\t\t\t\t\t\t<div class=\"elementor-element elementor-element-02b8956 elementor-position-top elementor-widget elementor-widget-image-box\" data-id=\"02b8956\" data-element_type=\"widget\" data-e-type=\"widget\" data-widget_type=\"image-box.default\">\n\t\t\t\t<div class=\"elementor-widget-container\">\n\t\t\t\t\t<div class=\"elementor-image-box-wrapper\"><figure class=\"elementor-image-box-img\"><a href=\"https:\/\/juventudparacristo.net\/portal\/cat\/quehayquellevar\/\" tabindex=\"-1\"><img decoding=\"async\" width=\"1080\" height=\"1080\" src=\"https:\/\/i0.wp.com\/juventudparacristo.net\/portal\/wp-content\/uploads\/2022\/01\/Que-llevo-al-retiro-2.png?fit=1080%2C1080&amp;ssl=1\" class=\"attachment-full size-full wp-image-7271\" alt=\"\" srcset=\"https:\/\/i0.wp.com\/juventudparacristo.net\/portal\/wp-content\/uploads\/2022\/01\/Que-llevo-al-retiro-2.png?w=1080&amp;ssl=1 1080w, https:\/\/i0.wp.com\/juventudparacristo.net\/portal\/wp-content\/uploads\/2022\/01\/Que-llevo-al-retiro-2.png?resize=300%2C300&amp;ssl=1 300w, https:\/\/i0.wp.com\/juventudparacristo.net\/portal\/wp-content\/uploads\/2022\/01\/Que-llevo-al-retiro-2.png?resize=1024%2C1024&amp;ssl=1 1024w, https:\/\/i0.wp.com\/juventudparacristo.net\/portal\/wp-content\/uploads\/2022\/01\/Que-llevo-al-retiro-2.png?resize=150%2C150&amp;ssl=1 150w, https:\/\/i0.wp.com\/juventudparacristo.net\/portal\/wp-content\/uploads\/2022\/01\/Que-llevo-al-retiro-2.png?resize=768%2C768&amp;ssl=1 768w, https:\/\/i0.wp.com\/juventudparacristo.net\/portal\/wp-content\/uploads\/2022\/01\/Que-llevo-al-retiro-2.png?resize=640%2C640&amp;ssl=1 640w, https:\/\/i0.wp.com\/juventudparacristo.net\/portal\/wp-content\/uploads\/2022\/01\/Que-llevo-al-retiro-2.png?resize=600%2C600&amp;ssl=1 600w, https:\/\/i0.wp.com\/juventudparacristo.net\/portal\/wp-content\/uploads\/2022\/01\/Que-llevo-al-retiro-2.png?resize=75%2C75&amp;ssl=1 75w, https:\/\/i0.wp.com\/juventudparacristo.net\/portal\/wp-content\/uploads\/2022\/01\/Que-llevo-al-retiro-2.png?resize=50%2C50&amp;ssl=1 50w\" sizes=\"(max-width: 1080px) 100vw, 1080px\" \/><\/a><\/figure><\/div>\t\t\t\t<\/div>\n\t\t\t\t<\/div>\n\t\t\t\t\t<\/div>\n\t\t<\/div>\n\t\t\t\t\t<\/div>\n\t\t<\/section>\n\t\t\t\t<\/div>","protected":false},"excerpt":{"rendered":"<p>RETIROS DE PRIMAVERA &#x1f331; RETIRO Adolescentes 14 a 18 a\u00f1os \u00bfEs la vida cristiana una prisi\u00f3n de reglas o el desaf\u00edo m\u00e1s extremo de tu existencia? Muchos ven una carrera agotadora llena de prohibiciones, pero este fin de semana venimos a hackear ese sistema: \u00bfy si la verdadera libertad empieza al fijar la mirada en [&hellip;]<\/p>\n","protected":false},"author":3,"featured_media":7795,"parent":0,"menu_order":0,"comment_status":"closed","ping_status":"closed","template":"","meta":{"ocean_post_layout":"","ocean_both_sidebars_style":"","ocean_both_sidebars_content_width":0,"ocean_both_sidebars_sidebars_width":0,"ocean_sidebar":"","ocean_second_sidebar":"","ocean_disable_margins":"enable","ocean_add_body_class":"","ocean_shortcode_before_top_bar":"","ocean_shortcode_after_top_bar":"","ocean_shortcode_before_header":"","ocean_shortcode_after_header":"","ocean_has_shortcode":"","ocean_shortcode_after_title":"","ocean_shortcode_before_footer_widgets":"","ocean_shortcode_after_footer_widgets":"","ocean_shortcode_before_footer_bottom":"","ocean_shortcode_after_footer_bottom":"","ocean_display_top_bar":"default","ocean_display_header":"default","ocean_header_style":"","ocean_center_header_left_menu":"","ocean_custom_header_template":"","ocean_custom_logo":0,"ocean_custom_retina_logo":0,"ocean_custom_logo_max_width":0,"ocean_custom_logo_tablet_max_width":0,"ocean_custom_logo_mobile_max_width":0,"ocean_custom_logo_max_height":0,"ocean_custom_logo_tablet_max_height":0,"ocean_custom_logo_mobile_max_height":0,"ocean_header_custom_menu":"","ocean_menu_typo_font_family":"","ocean_menu_typo_font_subset":"","ocean_menu_typo_font_size":0,"ocean_menu_typo_font_size_tablet":0,"ocean_menu_typo_font_size_mobile":0,"ocean_menu_typo_font_size_unit":"px","ocean_menu_typo_font_weight":"","ocean_menu_typo_font_weight_tablet":"","ocean_menu_typo_font_weight_mobile":"","ocean_menu_typo_transform":"","ocean_menu_typo_transform_tablet":"","ocean_menu_typo_transform_mobile":"","ocean_menu_typo_line_height":0,"ocean_menu_typo_line_height_tablet":0,"ocean_menu_typo_line_height_mobile":0,"ocean_menu_typo_line_height_unit":"","ocean_menu_typo_spacing":0,"ocean_menu_typo_spacing_tablet":0,"ocean_menu_typo_spacing_mobile":0,"ocean_menu_typo_spacing_unit":"","ocean_menu_link_color":"","ocean_menu_link_color_hover":"","ocean_menu_link_color_active":"","ocean_menu_link_background":"","ocean_menu_link_hover_background":"","ocean_menu_link_active_background":"","ocean_menu_social_links_bg":"","ocean_menu_social_hover_links_bg":"","ocean_menu_social_links_color":"","ocean_menu_social_hover_links_color":"","ocean_disable_title":"default","ocean_disable_heading":"default","ocean_post_title":"","ocean_post_subheading":"","ocean_post_title_style":"","ocean_post_title_background_color":"","ocean_post_title_background":0,"ocean_post_title_bg_image_position":"","ocean_post_title_bg_image_attachment":"","ocean_post_title_bg_image_repeat":"","ocean_post_title_bg_image_size":"","ocean_post_title_height":0,"ocean_post_title_bg_overlay":0.5,"ocean_post_title_bg_overlay_color":"","ocean_disable_breadcrumbs":"default","ocean_breadcrumbs_color":"","ocean_breadcrumbs_separator_color":"","ocean_breadcrumbs_links_color":"","ocean_breadcrumbs_links_hover_color":"","ocean_display_footer_widgets":"default","ocean_display_footer_bottom":"default","ocean_custom_footer_template":"","footnotes":""},"class_list":["post-7496","page","type-page","status-publish","has-post-thumbnail","hentry","entry","has-media","owp-thumbs-layout-horizontal","owp-btn-normal","owp-tabs-layout-horizontal","has-no-thumbnails","has-product-nav"],"jetpack_sharing_enabled":true,"_links":{"self":[{"href":"https:\/\/juventudparacristo.net\/portal\/cat\/wp-json\/wp\/v2\/pages\/7496","targetHints":{"allow":["GET"]}}],"collection":[{"href":"https:\/\/juventudparacristo.net\/portal\/cat\/wp-json\/wp\/v2\/pages"}],"about":[{"href":"https:\/\/juventudparacristo.net\/portal\/cat\/wp-json\/wp\/v2\/types\/page"}],"author":[{"embeddable":true,"href":"https:\/\/juventudparacristo.net\/portal\/cat\/wp-json\/wp\/v2\/users\/3"}],"replies":[{"embeddable":true,"href":"https:\/\/juventudparacristo.net\/portal\/cat\/wp-json\/wp\/v2\/comments?post=7496"}],"version-history":[{"count":348,"href":"https:\/\/juventudparacristo.net\/portal\/cat\/wp-json\/wp\/v2\/pages\/7496\/revisions"}],"predecessor-version":[{"id":17218,"href":"https:\/\/juventudparacristo.net\/portal\/cat\/wp-json\/wp\/v2\/pages\/7496\/revisions\/17218"}],"wp:featuredmedia":[{"embeddable":true,"href":"https:\/\/juventudparacristo.net\/portal\/cat\/wp-json\/wp\/v2\/media\/7795"}],"wp:attachment":[{"href":"https:\/\/juventudparacristo.net\/portal\/cat\/wp-json\/wp\/v2\/media?parent=7496"}],"curies":[{"name":"wp","href":"https:\/\/api.w.org\/{rel}","templated":true}]}}